{"id":81,"date":"2025-03-25T08:11:33","date_gmt":"2025-03-25T08:11:33","guid":{"rendered":"https:\/\/kurtz.lv\/?page_id=81"},"modified":"2025-04-05T17:54:35","modified_gmt":"2025-04-05T17:54:35","slug":"izcenojums","status":"publish","type":"page","link":"https:\/\/kurtz.lv\/?page_id=81","title":{"rendered":"Izcenojums"},"content":{"rendered":"\n<p>Lai ar\u012b katrs pied\u0101v\u0101jums tiek veidots individu\u0101li, ieskatam pied\u0101v\u0101jam iepaz\u012bties ar t\u0101mes sagatavi aptuvenaj\u0101m izmaks\u0101m.<\/p>\n\n\n\n<div data-wp-interactive=\"core\/file\" class=\"wp-block-file\"><object data-wp-bind--hidden=\"!state.hasPdfPreview\" hidden class=\"wp-block-file__embed\" data=\"https:\/\/kurtz.lv\/wp-content\/uploads\/2025\/04\/cenas.pdf\" type=\"application\/pdf\" style=\"width:100%;height:600px\" aria-label=\"Embed of cenas.\"><\/object><a id=\"wp-block-file--media-a2838d47-7842-48cf-a82f-3efee0bad2c3\" href=\"https:\/\/kurtz.lv\/wp-content\/uploads\/2025\/04\/cenas.pdf\">cenas<\/a><a href=\"https:\/\/kurtz.lv\/wp-content\/uploads\/2025\/04\/cenas.pdf\" class=\"wp-block-file__button wp-element-button\" download aria-describedby=\"wp-block-file--media-a2838d47-7842-48cf-a82f-3efee0bad2c3\">Lejupiel\u0101d\u0113t<\/a><\/div>\n","protected":false},"excerpt":{"rendered":"<p>Lai ar\u012b katrs pied\u0101v\u0101jums tiek veidots individu\u0101li, ieskatam pied\u0101v\u0101jam iepaz\u012bties ar t\u0101mes sagatavi aptuvenaj\u0101m izmaks\u0101m.<\/p>\n","protected":false},"author":1,"featured_media":0,"parent":0,"menu_order":0,"comment_status":"closed","ping_status":"closed","template":"","meta":{"om_disable_all_campaigns":false,"_monsterinsights_skip_tracking":false,"_monsterinsights_sitenote_active":false,"_monsterinsights_sitenote_note":"","_monsterinsights_sitenote_category":0,"footnotes":""},"class_list":["post-81","page","type-page","status-publish","hentry"],"aioseo_notices":[],"_links":{"self":[{"href":"https:\/\/kurtz.lv\/index.php?rest_route=\/wp\/v2\/pages\/81","targetHints":{"allow":["GET"]}}],"collection":[{"href":"https:\/\/kurtz.lv\/index.php?rest_route=\/wp\/v2\/pages"}],"about":[{"href":"https:\/\/kurtz.lv\/index.php?rest_route=\/wp\/v2\/types\/page"}],"author":[{"embeddable":true,"href":"https:\/\/kurtz.lv\/index.php?rest_route=\/wp\/v2\/users\/1"}],"replies":[{"embeddable":true,"href":"https:\/\/kurtz.lv\/index.php?rest_route=%2Fwp%2Fv2%2Fcomments&post=81"}],"version-history":[{"count":6,"href":"https:\/\/kurtz.lv\/index.php?rest_route=\/wp\/v2\/pages\/81\/revisions"}],"predecessor-version":[{"id":171,"href":"https:\/\/kurtz.lv\/index.php?rest_route=\/wp\/v2\/pages\/81\/revisions\/171"}],"wp:attachment":[{"href":"https:\/\/kurtz.lv\/index.php?rest_route=%2Fwp%2Fv2%2Fmedia&parent=81"}],"curies":[{"name":"wp","href":"https:\/\/api.w.org\/{rel}","templated":true}]}}